{"id":115,"date":"2016-09-12T17:38:43","date_gmt":"2016-09-12T17:38:43","guid":{"rendered":"http:\/\/gibincalculos.com.br\/site\/?page_id=115"},"modified":"2025-05-07T21:27:23","modified_gmt":"2025-05-07T21:27:23","slug":"demais-calculos","status":"publish","type":"page","link":"https:\/\/gibincalculos.com.br\/site\/demais-calculos\/","title":{"rendered":"Demais C\u00e1lculos"},"content":{"rendered":"<ul>\n<li>Expurgos Inflacion\u00e1rios da Poupan\u00e7a;<\/li>\n<li>A\u00e7\u00e3o URV &#8211; Quinqu\u00eanio &#8211; Sexta Parte<\/li>\n<li>Plano Bresser, Ver\u00e3o, Collor I e Collor II;<\/li>\n<li>A\u00e7\u00e3o de Civil Publica IDEC X Banco do Brasil;<\/li>\n<li>A\u00e7\u00e3o TELESP;<\/li>\n<li>Demais A\u00e7\u00f5es que se refere \u00e0 liquida\u00e7\u00e3o de Senten\u00e7a com rela\u00e7\u00e3o a atualiza\u00e7\u00f5es de Valores.<\/li>\n<li>Entre Outros.<\/li>\n<\/ul>\n","protected":false},"excerpt":{"rendered":"<p>Expurgos Inflacion\u00e1rios da Poupan\u00e7a; A\u00e7\u00e3o URV &#8211; Quinqu\u00eanio &#8211; Sexta Parte Plano Bresser, Ver\u00e3o, Collor I e Collor II; A\u00e7\u00e3o de Civil Publica IDEC X Banco do Brasil; A\u00e7\u00e3o TELESP; Demais A\u00e7\u00f5es que se refere \u00e0 liquida\u00e7\u00e3o de Senten\u00e7a com rela\u00e7\u00e3o a atualiza\u00e7\u00f5es de Valores. Entre Outros.<\/p>\n","protected":false},"author":1,"featured_media":0,"parent":0,"menu_order":0,"comment_status":"closed","ping_status":"closed","template":"","meta":{"footnotes":""},"_links":{"self":[{"href":"https:\/\/gibincalculos.com.br\/site\/wp-json\/wp\/v2\/pages\/115"}],"collection":[{"href":"https:\/\/gibincalculos.com.br\/site\/wp-json\/wp\/v2\/pages"}],"about":[{"href":"https:\/\/gibincalculos.com.br\/site\/wp-json\/wp\/v2\/types\/page"}],"author":[{"embeddable":true,"href":"https:\/\/gibincalculos.com.br\/site\/wp-json\/wp\/v2\/users\/1"}],"replies":[{"embeddable":true,"href":"https:\/\/gibincalculos.com.br\/site\/wp-json\/wp\/v2\/comments?post=115"}],"version-history":[{"count":3,"href":"https:\/\/gibincalculos.com.br\/site\/wp-json\/wp\/v2\/pages\/115\/revisions"}],"predecessor-version":[{"id":178,"href":"https:\/\/gibincalculos.com.br\/site\/wp-json\/wp\/v2\/pages\/115\/revisions\/178"}],"wp:attachment":[{"href":"https:\/\/gibincalculos.com.br\/site\/wp-json\/wp\/v2\/media?parent=115"}],"curies":[{"name":"wp","href":"https:\/\/api.w.org\/{rel}","templated":true}]}}